2 and 174034?
5614
What is the greatest common factor of 142134470 and 40?
10
What is the highest common divisor of 23 and 419267?
23
Calculate the greatest common factor of 115 and 239285951.
23
What is the greatest common factor of 3072007 and 1066?
41
What is the greatest common factor of 2841013 and 82?
41
Calculate the greatest common divisor of 30 and 17398860.
30
What is the highest common factor of 5352 and 452244?
2676
What is the greatest common factor of 185681782 and 14968?
3742
What is the highest common factor of 43 and 371636315?
43
Calculate the greatest common factor of 21288 and 619126.
1774
What is the greatest common divisor of 10064 and 85140182?
1258
Calculate the greatest common factor of 12140342 and 88570.
1042
What is the greatest common divisor of 57714855 and 330?
165
Calculate the greatest common divisor of 663960 and 3765.
15
What is the greatest common divisor of 3465 and 222541605?
495
What is the highest common divisor of 20907 and 384017453?
2323
Calculate the greatest common divisor of 18 and 30494007.
9
What is the greatest common divisor of 1210 and 76216690?
1210
What is the greatest common factor of 567 and 100517193?
567
Calculate the highest common divisor of 10971 and 76747869.
477
Calculate the highest common factor of 345731445 and 1819.
107
What is the greatest common divisor of 14 and 104699399?
7
What is the greatest common divisor of 73080 and 13160?
280
What is the highest common divisor of 770 and 3495170?
70
Calculate the highest common divisor of 4005963 and 189.
27
What is the greatest common factor of 46250312 and 8?
8
What is the highest common divisor of 540 and 34181280?
180
What is the highest common factor of 521040 and 396240?
3120
Calculate the greatest common factor of 796 and 22324.
4
Calculate the greatest common divisor of 308385 and 167587.
623
Calculate the highest common divisor of 17457 and 22209.
33
Calculate the highest common divisor of 45 and 19476220.
5
Calculate the highest common factor of 11265780 and 15.
15
Calculate the highest common factor of 10651510 and 9528.
794
What is the greatest common factor of 369 and 555901821?
369
Calculate the highest common factor of 103285 and 6695.
65
Calculate the greatest common divisor of 155420 and 3560.
20
What is the greatest common factor of 8325 and 202455?
45
Calculate the greatest common factor of 1679 and 28326409.
1679
Calculate the highest common divisor of 105382475 and 550.
275
Calculate the highest common divisor of 102591 and 387.
9
What is the greatest common divisor of 36170708 and 140?
28
Calculate the greatest common divisor of 26 and 36029552.
26
What is the greatest common divisor of 105 and 379249185?
105
Calculate the highest common factor of 875742 and 306294.
4314
Calculate the greatest common factor of 1435 and 8313570.
205
Calculate the greatest common divisor of 5445 and 651150.
45
Calculate the highest common divisor of 629 and 10013.
17
What is the greatest common divisor of 42465 and 61579?
19
Calculate the highest common factor of 2436288 and 1344.
192
Calculate the greatest common factor of 28534682 and 44.
22
Calculate the highest common divisor of 20042 and 79455598.
1822
Calculate the greatest common factor of 1328096 and 319.
11
Calculate the greatest common factor of 3450486 and 81654.
186
Calculate the greatest common divisor of 121080 and 2700.
60
What is the greatest common divisor of 171561 and 549792?
249
What is the greatest common factor of 1260 and 56178?
18
Calculate the highest common factor of 7375719 and 207584.
6487
What is the greatest common divisor of 16368171 and 1002?
501
Calculate the highest common factor of 650 and 106805270.
130
What is the greatest common divisor of 441 and 21463372?
49
Calculate the highest common factor of 149058 and 4214938.
182
Calculate the highest common divisor of 608 and 359514352.
304
Calculate the highest common divisor of 130730 and 434690.
170
What is the highest common divisor of 45118 and 605112?
2654
What is the greatest common factor of 5 and 1388354740?
5
Calculate the greatest common factor of 81740 and 408140.
20
What is the greatest common factor of 12036 and 104961?
177
Calculate the highest common divisor of 30 and 143907555.
15
What is the highest common factor of 253270 and 5305?
5
What is the highest common divisor of 8816896 and 6688?
352
What is the greatest common factor of 1032359 and 629?
17
Calculate the greatest common divisor of 4350 and 512105200.
1450
Calculate the highest common factor of 4215 and 9515235.
15
What is the highest common factor of 1452146 and 522?
58
Calculate the greatest common divisor of 115 and 6744911.
23
Calculate the highest common divisor of 11172689 and 187.
187
What is the highest common factor of 61612200 and 234?
234
Calculate the greatest common factor of 3496 and 1866776.
8
What is the highest common divisor of 13980 and 46635?
15
Calculate the highest common factor of 2454 and 5129538.
6
Calculate the greatest common factor of 183177690 and 16885.
1535
Calculate the highest common factor of 6921 and 132012.
9
What is the greatest common divisor of 14312992 and 55200?
736
Calculate the greatest common factor of 2167 and 141970217.
197
Calculate the greatest common divisor of 6105 and 2379135.
165
What is the greatest common factor of 7749 and 371059143?
861
Calculate the greatest common divisor of 1350432 and 864.
864
Calculate the highest common factor of 4556895 and 525.
105
Calculate the greatest common divisor of 14074 and 14039496.
454
Calculate the greatest common factor of 104 and 3630302.
26
What is the greatest common factor of 13816457 and 4826?
127
Calculate the highest common divisor of 126885024 and 448.
224
What is the greatest common factor of 521441 and 550375?
629
Calculate the highest common divisor of 402 and 77634240.
402
Calculate the highest common divisor of 99 and 74664.
9
What is the greatest common divisor of 380 and 66692660?
380
What is the greatest common factor of 25707 and 21781947?
1353
What is the highest common factor of 135 and 5555333565?
135
What is the highest common factor of 18128 and 64890?
206
Calculate the highest common factor of 4101 and 186829257.
4101
Calculate the highest common factor of 280 and 198098495.
35
Calculate the highest common divisor of 15634003 and 385.
77
What is the highest common factor of 27 and 57417?
3
Calculate the highest common divisor of 8556 and 94786220.
2852
What is the highest common divisor of 5020753 and 581?
83
What is the greatest common divisor of 4377821 and 2?
1
What is the highest common factor of 1281684 and 3248?
116
Calculate the greatest common factor of 298518 and 39567.
33
What is the greatest common divisor of 761958 and 4410?
18
Calculate the greatest common divisor of 21082465 and 61013.
1649
What is the greatest common factor of 1989995 and 7?
7
Calculate the greatest common factor of 43790 and 11246480.
1510
Calculate the highest common factor of 591037 and 5509.
787
Calculate the highest common factor of 553424963 and 49.
49
Calculate the highest common factor of 87148 and 12436.
4
Calculate the greatest common factor of 382031 and 25415.
13
What is the highest common factor of 171156660 and 632?
316
What is the highest common factor of 322 and 762230?
14
What is the highest common factor of 113560 and 421160?
40
What is the highest common divisor of 4488 and 66707184?
408
Calculate the highest common factor of 8153 and 454201.
263
Calculate the highest common factor of 108279 and 283029275.
12031
Calculate the greatest common divisor of 52707679 and 511.
73
Calculate the greatest common divisor of 200905 and 5175.
115
What is the greatest common divisor of 18 and 147450744?
18
What is the greatest common factor of 1624910 and 15364?
334
What is the greatest common divisor of 684 and 22588644?
228
Calculate the greatest common divisor of 3766 and 45533092.
538
Calculate the highest common divisor of 59708 and 129536.
1012
Calculate the highest common divisor of 145 and 37593541.
29
Calculate the highest common divisor of 79596 and 249084.
396
Calculate the highest common divisor of 94330501 and 34.
17
What is the greatest common divisor of 11023587 and 3665?
733
What is the highest common fa